vided by 342?
57
Calculate the remainder when 51857 is divided by 51851.
6
What is the remainder when 16915822 is divided by 8457731?
360
What is the remainder when 18878 is divided by 9203?
472
What is the remainder when 36562750 is divided by 15?
10
What is the remainder when 2382756 is divided by 28366?
12
Calculate the remainder when 7236458 is divided by 254.
252
What is the remainder when 94810 is divided by 13527?
121
Calculate the remainder when 1652814 is divided by 24.
6
Calculate the remainder when 2878036 is divided by 554.
6
Calculate the remainder when 6243515 is divided by 113518.
25
Calculate the remainder when 8353952 is divided by 157.
139
Calculate the remainder when 376816 is divided by 41827.
373
What is the remainder when 1960016 is divided by 54?
32
Calculate the remainder when 1765316 is divided by 168.
140
Calculate the remainder when 384316 is divided by 2598.
2410
Calculate the remainder when 2090720529 is divided by 498.
495
What is the remainder when 40819146 is divided by 10?
6
Calculate the remainder when 1004913 is divided by 251038.
761
What is the remainder when 76361 is divided by 25164?
869
What is the remainder when 123988 is divided by 10331?
16
Calculate the remainder when 544974 is divided by 272438.
98
Calculate the remainder when 221926837 is divided by 1615.
1612
Calculate the remainder when 1044166 is divided by 41766.
16
Calculate the remainder when 10154198 is divided by 2963.
2960
Calculate the remainder when 4561668 is divided by 253426.
0
Calculate the remainder when 338049 is divided by 145.
54
Calculate the remainder when 2099191 is divided by 29.
26
Calculate the remainder when 515241 is divided by 319.
56
What is the remainder when 69072939 is divided by 9867557?
40
What is the remainder when 3232287 is divided by 997?
13
What is the remainder when 63804 is divided by 153?
3
Calculate the remainder when 23721317 is divided by 227.
44
What is the remainder when 736700 is divided by 370?
30
What is the remainder when 467722 is divided by 93506?
192
Calculate the remainder when 512309 is divided by 9666.
11
What is the remainder when 447952 is divided by 14450?
2
Calculate the remainder when 10174596 is divided by 354.
282
Calculate the remainder when 53578534 is divided by 45.
4
What is the remainder when 2756996 is divided by 161?
32
Calculate the remainder when 1543956 is divided by 6.
0
Calculate the remainder when 1452837 is divided by 3257.
215
What is the remainder when 30292 is divided by 1546?
918
What is the remainder when 5092518 is divided by 140?
18
What is the remainder when 218096 is divided by 24206?
242
What is the remainder when 4527128 is divided by 973?
732
What is the remainder when 231490156 is divided by 3728?
3724
What is the remainder when 416777 is divided by 59427?
788
Calculate the remainder when 261644 is divided by 128857.
3930
Calculate the remainder when 7403986 is divided by 132214.
2
Calculate the remainder when 26233811 is divided by 42.
23
Calculate the remainder when 1965602 is divided by 13463.
4
What is the remainder when 3102 is divided by 816?
654
What is the remainder when 25701930 is divided by 40?
10
What is the remainder when 141987 is divided by 15776?
3
Calculate the remainder when 76727639 is divided by 814.
813
Calculate the remainder when 659632 is divided by 4044.
460
What is the remainder when 2210722 is divided by 200974?
8
What is the remainder when 792044 is divided by 1664?
1644
Calculate the remainder when 37308 is divided by 37066.
242
Calculate the remainder when 813708 is divided by 8137.
8
What is the remainder when 2291565 is divided by 1145775?
15
Calculate the remainder when 536974955 is divided by 13.
10
What is the remainder when 3276993 is divided by 240?
33
Calculate the remainder when 388586 is divided by 248.
218
Calculate the remainder when 79292813 is divided by 1015.
1013
Calculate the remainder when 1030246 is divided by 206038.
56
Calculate the remainder when 2305055 is divided by 717.
617
What is the remainder when 5777132 is divided by 277?
20
What is the remainder when 92142855 is divided by 1976?
1975
Calculate the remainder when 1184737 is divided by 84619.
71
Calculate the remainder when 1290407 is divided by 75.
32
What is the remainder when 24255722 is divided by 150?
122
Calculate the remainder when 173110 is divided by 172505.
605
What is the remainder when 9435896 is divided by 9435858?
38
Calculate the remainder when 702624 is divided by 9368.
24
What is the remainder when 114019 is divided by 12654?
133
What is the remainder when 62620119 is divided by 15?
9
What is the remainder when 249904 is divided by 11890?
214
What is the remainder when 16992058 is divided by 771?
760
What is the remainder when 1717353 is divided by 1112?
425
What is the remainder when 238089 is divided by 8653?
4458
Calculate the remainder when 10766341 is divided by 963.
1
What is the remainder when 182413 is divided by 415?
228
Calculate the remainder when 7330734 is divided by 2443573.
15
Calculate the remainder when 193325 is divided by 671.
77
What is the remainder when 16948870 is divided by 193?
189
What is the remainder when 39378447 is divided by 3370?
3367
Calculate the remainder when 128378 is divided by 2318.
888
Calculate the remainder when 37296238 is divided by 760.
758
What is the remainder when 35402 is divided by 35402?
0
Calculate the remainder when 214772 is divided by 5803.
61
What is the remainder when 2810016 is divided by 6566?
6334
Calculate the remainder when 2368029 is divided by 101.
84
Calculate the remainder when 12807376 is divided by 1600922.
0
What is the remainder when 67831828 is divided by 547?
546
What is the remainder when 57779 is divided by 3212?
3175
What is the remainder when 9060421 is divided by 144?
85
Calculate the remainder when 902785 is divided by 150034.
2581
Calculate the remainder when 1414257 is divided by 451.
372
What is the remainder when 5790866 is divided by 5891?
13
Calculate the remainder when 431943 is divided by 152.
111
What is the remainder when 1061908 is divided by 15616?
20
What is the remainder when 25031293 is divided by 287?
14
What is the remainder when 5418700 is divided by 15?
10
Calculate the remainder when 58704444 is divided by 962367.
57
What is the remainder when 37599 is divided by 32287?
5312
Calculate the remainder when 17219 is divided by 293.
225
What is the remainder when 8098901 is divided by 801?
791
What is the remainder when 82452 is divided by 7448?
524
Calculate the remainder when 31490159 is divided by 1166.
1163
What is the remainder when 6666732 is divided by 49?
37
What is the remainder when 72720 is divided by 1065?
300
What is the remainder when 100758 is divided by 23840?
5398
Calculate the remainder when 38812 is divided by 2391.
556
What is the remainder when 12315461 is divided by 371?
116
Calculate the remainder when 49544 is divided by 12235.
604
What is the remainder when 22435311 is divided by 117?
93
Calculate the remainder when 12264547 is divided by 1292.
883
Calculate the remainder when 2004479 is divided by 145.
144
What is the remainder when 17729 is divided by 13880?
3849
Calculate the remainder when 2545369 is divided by 868.
393
Calculate the remainder when 596538 is divided by 149124.
42
Calculate the remainder when 3742891 is divided by 187.
86
Calculate the remainder when 108044 is divided by 81.
71
Calculate the remainder when 80298 is divided by 11.
9
Calculate the remainder when 143834 is divided by 5136.
26
Calculate the remainder when 81043365 is divided by 33614.
11
What is the remainder when 159371228 is divided by 20?
8
What is the remainder when 28531335 is divided by 58949?
19
What is the remainder when 1258357 is divided by 69?
4
Calculate the remainder when 4694 is divided by 95.
39
Calculate the remainder when 343064 is divided by 14273.
512
What is the remainder when 557152 is divided by 15480?
15352
What is the remainder when 55747 is divided by 41?
28
Calculate the remainder when 24494 is divided by 9715.
5064
Calculate the remainder when 4317866 is divided by 489.
485
Calculate the remainder when 33159995 is divided by 109.
15
Calculate the remainder when 126771 is divided by 5069.
46
Calculate the 